{"id":795,"date":"2025-06-27T10:48:15","date_gmt":"2025-06-27T10:48:15","guid":{"rendered":"https:\/\/casadodesassossego.pt\/?page_id=795"},"modified":"2025-11-10T08:29:39","modified_gmt":"2025-11-10T08:29:39","slug":"regras-da-casa","status":"publish","type":"page","link":"https:\/\/casadodesassossego.pt\/index.php\/regras-da-casa\/","title":{"rendered":"Regras da Casa"},"content":{"rendered":"\n<p><strong>Check-in<\/strong><\/p>\n\n\n\n<p>Das 16:00 \u00e0s 00:00.<\/p>\n\n\n\n<p>Ter\u00e1 de informar a sua hora de chegada com anteced\u00eancia ao alojamento.<\/p>\n\n\n\n<p><strong>Check-out<\/strong><\/p>\n\n\n\n<p>Das 09:00 \u00e0s 11:00.<\/p>\n\n\n\n<p><strong>Cancelamento<\/strong><\/p>\n\n\n\n<p>Cancelamento gratuito at\u00e9 30 dias antes da reserva.<\/p>\n\n\n\n<p><strong>Crian\u00e7as<\/strong><\/p>\n\n\n\n<p>Todas as crian\u00e7as s\u00e3o bem-vindas.<\/p>\n\n\n\n<p>Crian\u00e7as de 4 anos ou mais ter\u00e3o de pagar as tarifas de adulto neste alojamento.<\/p>\n\n\n\n<p><strong>Ber\u00e7os e camas extras<\/strong><\/p>\n\n\n\n<p>0-3 anos: Ber\u00e7o mediante pedido. (Gratuito)<\/p>\n\n\n\n<p>4 \u2013 17 anos: Cama extra mediante pedido. (\u20ac\u00a025 por crian\u00e7a, por noite)<\/p>\n\n\n\n<p>Os pre\u00e7os para camas extra n\u00e3o est\u00e3o inclu\u00eddos no pre\u00e7o total e t\u00eam se ser pagos separadamente durante a sua estadia.<\/p>\n\n\n\n<p>O n\u00famero permitido de camas extra e de ber\u00e7os est\u00e1 dependente da op\u00e7\u00e3o de quarto que escolher. Por favor, verifique a sua op\u00e7\u00e3o selecionada para mais informa\u00e7\u00f5es.<\/p>\n\n\n\n<p>Todos os ber\u00e7os e camas extra est\u00e3o sujeitos a disponibilidade.<\/p>\n\n\n\n<p><strong>Sem restri\u00e7\u00f5es de idade<\/strong><\/p>\n\n\n\n<p>N\u00e3o h\u00e1 restri\u00e7\u00f5es de idade para fazer check-in.<\/p>\n\n\n\n<p><strong>Animais de estima\u00e7\u00e3o<\/strong><\/p>\n\n\n\n<p>Animais de estima\u00e7\u00e3o: n\u00e3o s\u00e3o permitidos.<\/p>\n\n\n\n<p><strong>Fumar<\/strong><\/p>\n\n\n\n<p>N\u00e3o \u00e9 permitido fumar.<\/p>\n\n\n\n<p><strong>Festas<\/strong><\/p>\n\n\n\n<p>N\u00e3o \u00e9 permitido realizar festas\/eventos.<\/p>\n\n\n\n<p><strong>Per\u00edodo de repouso<\/strong><\/p>\n\n\n\n<p>Os h\u00f3spedes n\u00e3o devem fazer barulho entre as 22:00 e as 08:00.<\/p>\n","protected":false},"excerpt":{"rendered":"<p>Check-in Das 16:00 \u00e0s 00:00. Ter\u00e1 de informar a sua hora de chegada com anteced\u00eancia ao alojamento. Check-out Das 09:00 \u00e0s 11:00. Cancelamento Cancelamento gratuito at\u00e9 30 dias antes da reserva. Crian\u00e7as Todas as crian\u00e7as s\u00e3o bem-vindas. Crian\u00e7as de 4 anos ou mais ter\u00e3o de pagar as tarifas de adulto neste alojamento. Ber\u00e7os e camas &#8230;<\/p>\n","protected":false},"author":1,"featured_media":0,"parent":0,"menu_order":0,"comment_status":"closed","ping_status":"closed","template":"","meta":{"_glsr_average":0,"_glsr_ranking":0,"_glsr_reviews":0,"cozystay_single_page_hide_site_header":"","cozystay_single_page_site_header_source":"","cozystay_single_page_custom_site_header":"0","cozystay_single_page_custom_sticky_site_header":"0","cozystay_single_page_hide_page_title":"","cozystay_single_page_header_section_size":"","cozystay_single_page_header_background_color":"","cozystay_single_page_header_background_position_x":"center","cozystay_single_page_header_background_position_y":"center","cozystay_single_page_header_background_size":"cover","cozystay_single_page_header_background_repeat":"off","cozystay_single_page_header_background_scroll":"on","cozystay_single_page_header_text_color":"","cozystay_single_page_header_show_breadcrumb":"","cozystay_single_page_site_footer_hide_main":"","cozystay_single_custom_site_footer_main_source":"","cozystay_single_custom_site_footer_main":"0","cozystay_single_page_site_footer_hide_above":"","cozystay_single_custom_site_footer_above_source":"","cozystay_single_custom_site_footer_above":"0","cozystay_single_page_site_footer_hide_instagram":"","cozystay_single_page_site_footer_hide_bottom":"","cozystay_single_custom_mobile_menu_source":"","cozystay_single_custom_mobile_menu":"0","cozystay_single_custom_mobile_menu_animation":"","cozystay_single_custom_mobile_menu_width":"","cozystay_single_custom_mobile_menu_custom_width":375,"footnotes":""},"class_list":["post-795","page","type-page","status-publish","hentry"],"yoast_head":"<!-- This site is optimized with the Yoast SEO plugin v27.4 - https:\/\/yoast.com\/product\/yoast-seo-wordpress\/ -->\n<title>Regras da Casa -<\/title>\n<meta name=\"robots\" content=\"index, follow, max-snippet:-1, max-image-preview:large, max-video-preview:-1\" \/>\n<link rel=\"canonical\" href=\"https:\/\/casadodesassossego.pt\/index.php\/regras-da-casa\/\" \/>\n<meta property=\"og:locale\" content=\"pt_PT\" \/>\n<meta property=\"og:type\" content=\"article\" \/>\n<meta property=\"og:title\" content=\"Regras da Casa -\" \/>\n<meta property=\"og:description\" content=\"Check-in Das 16:00 \u00e0s 00:00. Ter\u00e1 de informar a sua hora de chegada com anteced\u00eancia ao alojamento. Check-out Das 09:00 \u00e0s 11:00. Cancelamento Cancelamento gratuito at\u00e9 30 dias antes da reserva. Crian\u00e7as Todas as crian\u00e7as s\u00e3o bem-vindas. Crian\u00e7as de 4 anos ou mais ter\u00e3o de pagar as tarifas de adulto neste alojamento. Ber\u00e7os e camas ...\" \/>\n<meta property=\"og:url\" content=\"https:\/\/casadodesassossego.pt\/index.php\/regras-da-casa\/\" \/>\n<meta property=\"article:modified_time\" content=\"2025-11-10T08:29:39+00:00\" \/>\n<meta name=\"twitter:card\" content=\"summary_large_image\" \/>\n<meta name=\"twitter:label1\" content=\"Tempo estimado de leitura\" \/>\n\t<meta name=\"twitter:data1\" content=\"1 minuto\" \/>\n<script type=\"application\/ld+json\" class=\"yoast-schema-graph\">{\"@context\":\"https:\\\/\\\/schema.org\",\"@graph\":[{\"@type\":\"WebPage\",\"@id\":\"https:\\\/\\\/casadodesassossego.pt\\\/index.php\\\/regras-da-casa\\\/\",\"url\":\"https:\\\/\\\/casadodesassossego.pt\\\/index.php\\\/regras-da-casa\\\/\",\"name\":\"Regras da Casa -\",\"isPartOf\":{\"@id\":\"https:\\\/\\\/casadodesassossego.pt\\\/#website\"},\"datePublished\":\"2025-06-27T10:48:15+00:00\",\"dateModified\":\"2025-11-10T08:29:39+00:00\",\"breadcrumb\":{\"@id\":\"https:\\\/\\\/casadodesassossego.pt\\\/index.php\\\/regras-da-casa\\\/#breadcrumb\"},\"inLanguage\":\"pt-PT\",\"potentialAction\":[{\"@type\":\"ReadAction\",\"target\":[\"https:\\\/\\\/casadodesassossego.pt\\\/index.php\\\/regras-da-casa\\\/\"]}]},{\"@type\":\"BreadcrumbList\",\"@id\":\"https:\\\/\\\/casadodesassossego.pt\\\/index.php\\\/regras-da-casa\\\/#breadcrumb\",\"itemListElement\":[{\"@type\":\"ListItem\",\"position\":1,\"name\":\"Home\",\"item\":\"https:\\\/\\\/casadodesassossego.pt\\\/\"},{\"@type\":\"ListItem\",\"position\":2,\"name\":\"Regras da Casa\"}]},{\"@type\":\"WebSite\",\"@id\":\"https:\\\/\\\/casadodesassossego.pt\\\/#website\",\"url\":\"https:\\\/\\\/casadodesassossego.pt\\\/\",\"name\":\"\",\"description\":\"\",\"potentialAction\":[{\"@type\":\"SearchAction\",\"target\":{\"@type\":\"EntryPoint\",\"urlTemplate\":\"https:\\\/\\\/casadodesassossego.pt\\\/?s={search_term_string}\"},\"query-input\":{\"@type\":\"PropertyValueSpecification\",\"valueRequired\":true,\"valueName\":\"search_term_string\"}}],\"inLanguage\":\"pt-PT\"}]}<\/script>\n<!-- \/ Yoast SEO plugin. -->","yoast_head_json":{"title":"Regras da Casa -","robots":{"index":"index","follow":"follow","max-snippet":"max-snippet:-1","max-image-preview":"max-image-preview:large","max-video-preview":"max-video-preview:-1"},"canonical":"https:\/\/casadodesassossego.pt\/index.php\/regras-da-casa\/","og_locale":"pt_PT","og_type":"article","og_title":"Regras da Casa -","og_description":"Check-in Das 16:00 \u00e0s 00:00. Ter\u00e1 de informar a sua hora de chegada com anteced\u00eancia ao alojamento. Check-out Das 09:00 \u00e0s 11:00. Cancelamento Cancelamento gratuito at\u00e9 30 dias antes da reserva. Crian\u00e7as Todas as crian\u00e7as s\u00e3o bem-vindas. Crian\u00e7as de 4 anos ou mais ter\u00e3o de pagar as tarifas de adulto neste alojamento. Ber\u00e7os e camas ...","og_url":"https:\/\/casadodesassossego.pt\/index.php\/regras-da-casa\/","article_modified_time":"2025-11-10T08:29:39+00:00","twitter_card":"summary_large_image","twitter_misc":{"Tempo estimado de leitura":"1 minuto"},"schema":{"@context":"https:\/\/schema.org","@graph":[{"@type":"WebPage","@id":"https:\/\/casadodesassossego.pt\/index.php\/regras-da-casa\/","url":"https:\/\/casadodesassossego.pt\/index.php\/regras-da-casa\/","name":"Regras da Casa -","isPartOf":{"@id":"https:\/\/casadodesassossego.pt\/#website"},"datePublished":"2025-06-27T10:48:15+00:00","dateModified":"2025-11-10T08:29:39+00:00","breadcrumb":{"@id":"https:\/\/casadodesassossego.pt\/index.php\/regras-da-casa\/#breadcrumb"},"inLanguage":"pt-PT","potentialAction":[{"@type":"ReadAction","target":["https:\/\/casadodesassossego.pt\/index.php\/regras-da-casa\/"]}]},{"@type":"BreadcrumbList","@id":"https:\/\/casadodesassossego.pt\/index.php\/regras-da-casa\/#breadcrumb","itemListElement":[{"@type":"ListItem","position":1,"name":"Home","item":"https:\/\/casadodesassossego.pt\/"},{"@type":"ListItem","position":2,"name":"Regras da Casa"}]},{"@type":"WebSite","@id":"https:\/\/casadodesassossego.pt\/#website","url":"https:\/\/casadodesassossego.pt\/","name":"","description":"","potentialAction":[{"@type":"SearchAction","target":{"@type":"EntryPoint","urlTemplate":"https:\/\/casadodesassossego.pt\/?s={search_term_string}"},"query-input":{"@type":"PropertyValueSpecification","valueRequired":true,"valueName":"search_term_string"}}],"inLanguage":"pt-PT"}]}},"_links":{"self":[{"href":"https:\/\/casadodesassossego.pt\/index.php\/wp-json\/wp\/v2\/pages\/795","targetHints":{"allow":["GET"]}}],"collection":[{"href":"https:\/\/casadodesassossego.pt\/index.php\/wp-json\/wp\/v2\/pages"}],"about":[{"href":"https:\/\/casadodesassossego.pt\/index.php\/wp-json\/wp\/v2\/types\/page"}],"author":[{"embeddable":true,"href":"https:\/\/casadodesassossego.pt\/index.php\/wp-json\/wp\/v2\/users\/1"}],"replies":[{"embeddable":true,"href":"https:\/\/casadodesassossego.pt\/index.php\/wp-json\/wp\/v2\/comments?post=795"}],"version-history":[{"count":3,"href":"https:\/\/casadodesassossego.pt\/index.php\/wp-json\/wp\/v2\/pages\/795\/revisions"}],"predecessor-version":[{"id":3987,"href":"https:\/\/casadodesassossego.pt\/index.php\/wp-json\/wp\/v2\/pages\/795\/revisions\/3987"}],"wp:attachment":[{"href":"https:\/\/casadodesassossego.pt\/index.php\/wp-json\/wp\/v2\/media?parent=795"}],"curies":[{"name":"wp","href":"https:\/\/api.w.org\/{rel}","templated":true}]}}