{"id":799,"date":"2025-06-27T10:51:44","date_gmt":"2025-06-27T10:51:44","guid":{"rendered":"https:\/\/casadodesassossego.pt\/?page_id=799"},"modified":"2025-11-10T08:32:28","modified_gmt":"2025-11-10T08:32:28","slug":"a-casa","status":"publish","type":"page","link":"https:\/\/casadodesassossego.pt\/index.php\/a-casa\/","title":{"rendered":"A Casa"},"content":{"rendered":"\n<p><strong>Exterior<\/strong><\/p>\n\n\n\n<ul class=\"wp-block-list\">\n<li>\u00c1rea para piquenique<\/li>\n\n\n\n<li>Mobili\u00e1rio de exterior<\/li>\n\n\n\n<li>Terra\u00e7o para banhos de sol<\/li>\n\n\n\n<li>Comodidades para churrascos<\/li>\n\n\n\n<li>Jardim<\/li>\n<\/ul>\n\n\n\n<p><strong>Vista<\/strong><\/p>\n\n\n\n<ul class=\"wp-block-list\">\n<li>Vista montanha<\/li>\n\n\n\n<li>Vista jardim<\/li>\n<\/ul>\n\n\n\n<p><strong>Estacionamento<\/strong><\/p>\n\n\n\n<ul class=\"wp-block-list\">\n<li>Estacionamento acessivel gratuito e privado dispon\u00edvel no local (n\u00e3o carece de reserva)<\/li>\n<\/ul>\n\n\n\n<p><strong>Interior<\/strong><\/p>\n\n\n\n<ul class=\"wp-block-list\">\n<li>Ar condicionado<\/li>\n\n\n\n<li>Sal\u00e3o\/\u00e1rea de televis\u00e3o partilhados<\/li>\n\n\n\n<li>Piso em madeira ou parquet<\/li>\n\n\n\n<li>Aquecimento<\/li>\n\n\n\n<li>Insonoriza\u00e7\u00e3o<\/li>\n<\/ul>\n\n\n\n<p><strong>Media e Tecnologia<\/strong><\/p>\n\n\n\n<ul class=\"wp-block-list\">\n<li>Televis\u00e3o<\/li>\n\n\n\n<li>Canais por cabo<\/li>\n\n\n\n<li>Canais por sat\u00e9lite<\/li>\n<\/ul>\n\n\n\n<p><strong>Internet<\/strong><\/p>\n\n\n\n<ul class=\"wp-block-list\">\n<li>Acesso Wi-Fi Gratuito dispon\u00edvel nas \u00e1reas p\u00fablicas.<\/li>\n<\/ul>\n\n\n\n<ul class=\"wp-block-list\"><\/ul>\n\n\n\n<p><strong>Seguran\u00e7a<\/strong><\/p>\n\n\n\n<ul class=\"wp-block-list\">\n<li>Extintores<\/li>\n<\/ul>\n\n\n\n<p><\/p>\n","protected":false},"excerpt":{"rendered":"<p>Exterior Vista Estacionamento Interior Media e Tecnologia Internet Seguran\u00e7a<\/p>\n","protected":false},"author":1,"featured_media":0,"parent":0,"menu_order":0,"comment_status":"closed","ping_status":"closed","template":"","meta":{"_glsr_average":0,"_glsr_ranking":0,"_glsr_reviews":0,"cozystay_single_page_hide_site_header":"","cozystay_single_page_site_header_source":"","cozystay_single_page_custom_site_header":"0","cozystay_single_page_custom_sticky_site_header":"0","cozystay_single_page_hide_page_title":"","cozystay_single_page_header_section_size":"","cozystay_single_page_header_background_color":"","cozystay_single_page_header_background_position_x":"center","cozystay_single_page_header_background_position_y":"center","cozystay_single_page_header_background_size":"cover","cozystay_single_page_header_background_repeat":"off","cozystay_single_page_header_background_scroll":"on","cozystay_single_page_header_text_color":"","cozystay_single_page_header_show_breadcrumb":"","cozystay_single_page_site_footer_hide_main":"","cozystay_single_custom_site_footer_main_source":"","cozystay_single_custom_site_footer_main":"0","cozystay_single_page_site_footer_hide_above":"","cozystay_single_custom_site_footer_above_source":"","cozystay_single_custom_site_footer_above":"0","cozystay_single_page_site_footer_hide_instagram":"","cozystay_single_page_site_footer_hide_bottom":"","cozystay_single_custom_mobile_menu_source":"","cozystay_single_custom_mobile_menu":"0","cozystay_single_custom_mobile_menu_animation":"","cozystay_single_custom_mobile_menu_width":"","cozystay_single_custom_mobile_menu_custom_width":375,"footnotes":""},"class_list":["post-799","page","type-page","status-publish","hentry"],"yoast_head":"<!-- This site is optimized with the Yoast SEO plugin v27.4 - https:\/\/yoast.com\/product\/yoast-seo-wordpress\/ -->\n<title>A Casa -<\/title>\n<meta name=\"robots\" content=\"index, follow, max-snippet:-1, max-image-preview:large, max-video-preview:-1\" \/>\n<link rel=\"canonical\" href=\"https:\/\/casadodesassossego.pt\/index.php\/a-casa\/\" \/>\n<meta property=\"og:locale\" content=\"pt_PT\" \/>\n<meta property=\"og:type\" content=\"article\" \/>\n<meta property=\"og:title\" content=\"A Casa -\" \/>\n<meta property=\"og:description\" content=\"Exterior Vista Estacionamento Interior Media e Tecnologia Internet Seguran\u00e7a\" \/>\n<meta property=\"og:url\" content=\"https:\/\/casadodesassossego.pt\/index.php\/a-casa\/\" \/>\n<meta property=\"article:modified_time\" content=\"2025-11-10T08:32:28+00:00\" \/>\n<meta name=\"twitter:card\" content=\"summary_large_image\" \/>\n<meta name=\"twitter:label1\" content=\"Tempo estimado de leitura\" \/>\n\t<meta name=\"twitter:data1\" content=\"1 minuto\" \/>\n<script type=\"application\/ld+json\" class=\"yoast-schema-graph\">{\"@context\":\"https:\\\/\\\/schema.org\",\"@graph\":[{\"@type\":\"WebPage\",\"@id\":\"https:\\\/\\\/casadodesassossego.pt\\\/index.php\\\/a-casa\\\/\",\"url\":\"https:\\\/\\\/casadodesassossego.pt\\\/index.php\\\/a-casa\\\/\",\"name\":\"A Casa -\",\"isPartOf\":{\"@id\":\"https:\\\/\\\/casadodesassossego.pt\\\/#website\"},\"datePublished\":\"2025-06-27T10:51:44+00:00\",\"dateModified\":\"2025-11-10T08:32:28+00:00\",\"breadcrumb\":{\"@id\":\"https:\\\/\\\/casadodesassossego.pt\\\/index.php\\\/a-casa\\\/#breadcrumb\"},\"inLanguage\":\"pt-PT\",\"potentialAction\":[{\"@type\":\"ReadAction\",\"target\":[\"https:\\\/\\\/casadodesassossego.pt\\\/index.php\\\/a-casa\\\/\"]}]},{\"@type\":\"BreadcrumbList\",\"@id\":\"https:\\\/\\\/casadodesassossego.pt\\\/index.php\\\/a-casa\\\/#breadcrumb\",\"itemListElement\":[{\"@type\":\"ListItem\",\"position\":1,\"name\":\"Home\",\"item\":\"https:\\\/\\\/casadodesassossego.pt\\\/\"},{\"@type\":\"ListItem\",\"position\":2,\"name\":\"A Casa\"}]},{\"@type\":\"WebSite\",\"@id\":\"https:\\\/\\\/casadodesassossego.pt\\\/#website\",\"url\":\"https:\\\/\\\/casadodesassossego.pt\\\/\",\"name\":\"\",\"description\":\"\",\"potentialAction\":[{\"@type\":\"SearchAction\",\"target\":{\"@type\":\"EntryPoint\",\"urlTemplate\":\"https:\\\/\\\/casadodesassossego.pt\\\/?s={search_term_string}\"},\"query-input\":{\"@type\":\"PropertyValueSpecification\",\"valueRequired\":true,\"valueName\":\"search_term_string\"}}],\"inLanguage\":\"pt-PT\"}]}<\/script>\n<!-- \/ Yoast SEO plugin. -->","yoast_head_json":{"title":"A Casa -","robots":{"index":"index","follow":"follow","max-snippet":"max-snippet:-1","max-image-preview":"max-image-preview:large","max-video-preview":"max-video-preview:-1"},"canonical":"https:\/\/casadodesassossego.pt\/index.php\/a-casa\/","og_locale":"pt_PT","og_type":"article","og_title":"A Casa -","og_description":"Exterior Vista Estacionamento Interior Media e Tecnologia Internet Seguran\u00e7a","og_url":"https:\/\/casadodesassossego.pt\/index.php\/a-casa\/","article_modified_time":"2025-11-10T08:32:28+00:00","twitter_card":"summary_large_image","twitter_misc":{"Tempo estimado de leitura":"1 minuto"},"schema":{"@context":"https:\/\/schema.org","@graph":[{"@type":"WebPage","@id":"https:\/\/casadodesassossego.pt\/index.php\/a-casa\/","url":"https:\/\/casadodesassossego.pt\/index.php\/a-casa\/","name":"A Casa -","isPartOf":{"@id":"https:\/\/casadodesassossego.pt\/#website"},"datePublished":"2025-06-27T10:51:44+00:00","dateModified":"2025-11-10T08:32:28+00:00","breadcrumb":{"@id":"https:\/\/casadodesassossego.pt\/index.php\/a-casa\/#breadcrumb"},"inLanguage":"pt-PT","potentialAction":[{"@type":"ReadAction","target":["https:\/\/casadodesassossego.pt\/index.php\/a-casa\/"]}]},{"@type":"BreadcrumbList","@id":"https:\/\/casadodesassossego.pt\/index.php\/a-casa\/#breadcrumb","itemListElement":[{"@type":"ListItem","position":1,"name":"Home","item":"https:\/\/casadodesassossego.pt\/"},{"@type":"ListItem","position":2,"name":"A Casa"}]},{"@type":"WebSite","@id":"https:\/\/casadodesassossego.pt\/#website","url":"https:\/\/casadodesassossego.pt\/","name":"","description":"","potentialAction":[{"@type":"SearchAction","target":{"@type":"EntryPoint","urlTemplate":"https:\/\/casadodesassossego.pt\/?s={search_term_string}"},"query-input":{"@type":"PropertyValueSpecification","valueRequired":true,"valueName":"search_term_string"}}],"inLanguage":"pt-PT"}]}},"_links":{"self":[{"href":"https:\/\/casadodesassossego.pt\/index.php\/wp-json\/wp\/v2\/pages\/799","targetHints":{"allow":["GET"]}}],"collection":[{"href":"https:\/\/casadodesassossego.pt\/index.php\/wp-json\/wp\/v2\/pages"}],"about":[{"href":"https:\/\/casadodesassossego.pt\/index.php\/wp-json\/wp\/v2\/types\/page"}],"author":[{"embeddable":true,"href":"https:\/\/casadodesassossego.pt\/index.php\/wp-json\/wp\/v2\/users\/1"}],"replies":[{"embeddable":true,"href":"https:\/\/casadodesassossego.pt\/index.php\/wp-json\/wp\/v2\/comments?post=799"}],"version-history":[{"count":2,"href":"https:\/\/casadodesassossego.pt\/index.php\/wp-json\/wp\/v2\/pages\/799\/revisions"}],"predecessor-version":[{"id":3990,"href":"https:\/\/casadodesassossego.pt\/index.php\/wp-json\/wp\/v2\/pages\/799\/revisions\/3990"}],"wp:attachment":[{"href":"https:\/\/casadodesassossego.pt\/index.php\/wp-json\/wp\/v2\/media?parent=799"}],"curies":[{"name":"wp","href":"https:\/\/api.w.org\/{rel}","templated":true}]}}